{"id":13815,"date":"2020-11-13T09:04:37","date_gmt":"2020-11-13T09:04:37","guid":{"rendered":"http:\/\/each.ut.ee\/EACH\/?page_id=13815"},"modified":"2022-12-29T06:21:05","modified_gmt":"2022-12-29T06:21:05","slug":"each-winter-school-2020","status":"publish","type":"page","link":"http:\/\/each.ut.ee\/EACH\/each-winter-school-2020\/","title":{"rendered":"EACH Winter School 2020"},"content":{"rendered":"<p>The EACH Winter School 2020 took place from <strong>January 20 to January 24, 2020<\/strong>, at <a href=\"https:\/\/www.spatallinn.ee\/en\/\"><strong>Tallinn Viimsi Spa<\/strong><\/a>, Viimsi, Estonia.<\/p>\n<figure id=\"attachment_13552\" aria-describedby=\"caption-attachment-13552\" style=\"width: 300px\" class=\"wp-caption alignleft\"><a href=\"http:\/\/each.ut.ee\/EACH\/wp-content\/uploads\/2020\/01\/EACH_Winter_School_2020-scaled.jpg\"><img loading=\"lazy\" decoding=\"async\" class=\"size-medium wp-image-13552\" src=\"http:\/\/each.ut.ee\/EACH\/wp-content\/uploads\/2020\/01\/EACH_Winter_School_2020-300x169.jpg\" alt=\"EACH Winter School 2020 in Viimsi (Estonia), Group photo\" width=\"300\" height=\"169\" srcset=\"http:\/\/each.ut.ee\/EACH\/wp-content\/uploads\/2020\/01\/EACH_Winter_School_2020-300x169.jpg 300w, http:\/\/each.ut.ee\/EACH\/wp-content\/uploads\/2020\/01\/EACH_Winter_School_2020-1024x576.jpg 1024w, http:\/\/each.ut.ee\/EACH\/wp-content\/uploads\/2020\/01\/EACH_Winter_School_2020-768x432.jpg 768w, http:\/\/each.ut.ee\/EACH\/wp-content\/uploads\/2020\/01\/EACH_Winter_School_2020-1536x864.jpg 1536w, http:\/\/each.ut.ee\/EACH\/wp-content\/uploads\/2020\/01\/EACH_Winter_School_2020-2048x1152.jpg 2048w\" sizes=\"auto, (max-width: 300px) 100vw, 300px\" \/><\/a><figcaption id=\"caption-attachment-13552\" class=\"wp-caption-text\">EACH Winter School 2020 in Viimsi (Estonia), Group photo<\/figcaption><\/figure>\n<figure id=\"attachment_13569\" aria-describedby=\"caption-attachment-13569\" style=\"width: 336px\" class=\"wp-caption alignright\"><a href=\"http:\/\/each.ut.ee\/EACH\/wp-content\/uploads\/2020\/01\/EACH_intake_2018_Impressions_on_WS_2020.jpg\"><img loading=\"lazy\" decoding=\"async\" class=\"size-medium wp-image-13569\" src=\"http:\/\/each.ut.ee\/EACH\/wp-content\/uploads\/2020\/01\/EACH_intake_2018_Impressions_on_WS_2020-300x225.jpg\" alt=\"EACH_intake_2018_Impressions_on_WS_2020\" width=\"336\" height=\"252\" srcset=\"http:\/\/each.ut.ee\/EACH\/wp-content\/uploads\/2020\/01\/EACH_intake_2018_Impressions_on_WS_2020-300x225.jpg 300w, http:\/\/each.ut.ee\/EACH\/wp-content\/uploads\/2020\/01\/EACH_intake_2018_Impressions_on_WS_2020-1024x768.jpg 1024w, http:\/\/each.ut.ee\/EACH\/wp-content\/uploads\/2020\/01\/EACH_intake_2018_Impressions_on_WS_2020-768x576.jpg 768w, http:\/\/each.ut.ee\/EACH\/wp-content\/uploads\/2020\/01\/EACH_intake_2018_Impressions_on_WS_2020-1536x1152.jpg 1536w, http:\/\/each.ut.ee\/EACH\/wp-content\/uploads\/2020\/01\/EACH_intake_2018_Impressions_on_WS_2020.jpg 1600w\" sizes=\"auto, (max-width: 336px) 100vw, 336px\" \/><\/a><figcaption id=\"caption-attachment-13569\" class=\"wp-caption-text\">So happy to be back in Estonia for the winter school! We enjoyed the Portable XRF group work and learned a lot about CE-MS and GMP in Pharma company. It was fun meeting our batch mates again and enjoyed the pool and sauna! Ait\u00e4h!<br \/>(EACH intake 2018: Left row: Helmi, Evelyn, Hark, Patcharida; right front row: Kim, Nhung, Jocelyn; right back row: Varun, Rady, \u00c7\u0131\u011fdem)<\/figcaption><\/figure>\n<p>\u00a0<\/p>\n<figure id=\"attachment_13576\" aria-describedby=\"caption-attachment-13576\" style=\"width: 300px\" class=\"wp-caption alignleft\"><a href=\"http:\/\/each.ut.ee\/EACH\/wp-content\/uploads\/2020\/01\/Riin_Rebane_Explaining_XRF_Measurements-scaled.jpg\"><img loading=\"lazy\" decoding=\"async\" class=\"size-medium wp-image-13576\" src=\"http:\/\/each.ut.ee\/EACH\/wp-content\/uploads\/2020\/01\/Riin_Rebane_Explaining_XRF_Measurements-300x225.jpg\" alt=\"Dr Riin Rebane (EERC, Tallinn) Explaining how to use the hand-held XRF instrument\" width=\"300\" height=\"225\" srcset=\"http:\/\/each.ut.ee\/EACH\/wp-content\/uploads\/2020\/01\/Riin_Rebane_Explaining_XRF_Measurements-300x225.jpg 300w, http:\/\/each.ut.ee\/EACH\/wp-content\/uploads\/2020\/01\/Riin_Rebane_Explaining_XRF_Measurements-1024x768.jpg 1024w, http:\/\/each.ut.ee\/EACH\/wp-content\/uploads\/2020\/01\/Riin_Rebane_Explaining_XRF_Measurements-768x576.jpg 768w, http:\/\/each.ut.ee\/EACH\/wp-content\/uploads\/2020\/01\/Riin_Rebane_Explaining_XRF_Measurements-1536x1152.jpg 1536w, http:\/\/each.ut.ee\/EACH\/wp-content\/uploads\/2020\/01\/Riin_Rebane_Explaining_XRF_Measurements-2048x1536.jpg 2048w\" sizes=\"auto, (max-width: 300px) 100vw, 300px\" \/><\/a><figcaption id=\"caption-attachment-13576\" class=\"wp-caption-text\">Dr Riin Rebane (EERC, Tallinn) Explaining how to use the hand-held XRF instrument<\/figcaption><\/figure>\n<figure id=\"attachment_13587\" aria-describedby=\"caption-attachment-13587\" style=\"width: 330px\" class=\"wp-caption alignleft\"><a href=\"http:\/\/each.ut.ee\/EACH\/wp-content\/uploads\/2020\/01\/Bowling_in_the_Evening-scaled.jpg\"><img loading=\"lazy\" decoding=\"async\" class=\"size-medium wp-image-13587\" src=\"http:\/\/each.ut.ee\/EACH\/wp-content\/uploads\/2020\/01\/Bowling_in_the_Evening-300x225.jpg\" alt=\"Bowling in the evening! (From left: Michal, Milo\u0161, Jelena, Jude Anthony, Luca, Adri\u00e1n, Anh)\" width=\"330\" height=\"248\" srcset=\"http:\/\/each.ut.ee\/EACH\/wp-content\/uploads\/2020\/01\/Bowling_in_the_Evening-300x225.jpg 300w, http:\/\/each.ut.ee\/EACH\/wp-content\/uploads\/2020\/01\/Bowling_in_the_Evening-1024x768.jpg 1024w, http:\/\/each.ut.ee\/EACH\/wp-content\/uploads\/2020\/01\/Bowling_in_the_Evening-768x576.jpg 768w, http:\/\/each.ut.ee\/EACH\/wp-content\/uploads\/2020\/01\/Bowling_in_the_Evening-1536x1151.jpg 1536w, http:\/\/each.ut.ee\/EACH\/wp-content\/uploads\/2020\/01\/Bowling_in_the_Evening-2048x1535.jpg 2048w\" sizes=\"auto, (max-width: 330px) 100vw, 330px\" \/><\/a><figcaption id=\"caption-attachment-13587\" class=\"wp-caption-text\">Bowling in the evening!<br \/>(From left: Michal, Milo\u0161, Jelena, Jude Anthony, Luca, Adri\u00e1n, Anh)<\/figcaption><\/figure>\n<p><strong>More information and pictures:<\/strong><\/p>\n<p><a href=\"https:\/\/each.ut.ee\/EACH\/each-winter-school-2020-started\/\"><strong>EACH 2020 Winter School Started!<\/strong><\/a><\/p>\n<p><a href=\"https:\/\/each.ut.ee\/EACH\/each-winter-school-2020-finished\/\"><strong>EACH 2020 Winter School Finished!<\/strong><\/a><\/p>\n<p>\u00a0<\/p>\n<p><strong>The timetable of the Winter School 2020:<\/strong><\/p>\n<p><a href=\"http:\/\/each.ut.ee\/EACH\/wp-content\/uploads\/2020\/01\/EACH_WS_2020_Programme-1.png\"><img loading=\"lazy\" decoding=\"async\" class=\"wp-image-13545  aligncenter\" src=\"http:\/\/each.ut.ee\/EACH\/wp-content\/uploads\/2020\/01\/EACH_WS_2020_Programme-1-300x197.png\" alt=\"\" width=\"728\" height=\"478\" srcset=\"http:\/\/each.ut.ee\/EACH\/wp-content\/uploads\/2020\/01\/EACH_WS_2020_Programme-1-300x197.png 300w, http:\/\/each.ut.ee\/EACH\/wp-content\/uploads\/2020\/01\/EACH_WS_2020_Programme-1-1024x673.png 1024w, http:\/\/each.ut.ee\/EACH\/wp-content\/uploads\/2020\/01\/EACH_WS_2020_Programme-1-768x505.png 768w, http:\/\/each.ut.ee\/EACH\/wp-content\/uploads\/2020\/01\/EACH_WS_2020_Programme-1-1536x1010.png 1536w, http:\/\/each.ut.ee\/EACH\/wp-content\/uploads\/2020\/01\/EACH_WS_2020_Programme-1-2048x1346.png 2048w\" sizes=\"auto, (max-width: 728px) 100vw, 728px\" \/><\/a><\/p>\n<p><strong>Overview and materials of sessions:<br \/><\/strong><\/p>\n<table class=\"MsoTableGrid\" style=\"border-collapse: collapse; border: none;\" border=\"1\" cellspacing=\"0\" cellpadding=\"0\">\n<tbody>\n<tr>\n<td style=\"border: solid windowtext 1.0pt; padding: 0cm 1.15pt 0cm 1.15pt;\">\n<p class=\"MsoNormal\" style=\"margin-bottom: .0001pt; text-align: center;\" align=\"center\"><b><span lang=\"EN-US\">Teachers<\/span><\/b><\/p>\n<\/td>\n<td style=\"border: solid windowtext 1.0pt; border-left: none; padding: 0cm 1.15pt 0cm 1.15pt;\">\n<p class=\"MsoNormal\" style=\"margin-bottom: .0001pt; text-align: center;\" align=\"center\"><b><span lang=\"EN-US\">Session<\/span><\/b><\/p>\n<\/td>\n<td style=\"border: solid windowtext 1.0pt; border-left: none; padding: 0cm 1.15pt 0cm 1.15pt;\">\n<p class=\"MsoNormal\" style=\"margin-bottom: .0001pt; text-align: center;\" align=\"center\"><b><span lang=\"EN-US\">Notes<\/span><\/b><\/p>\n<\/td>\n<\/tr>\n<tr>\n<td style=\"border: solid windowtext 1.0pt; border-top: none; padding: 0cm 1.15pt 0cm 1.15pt;\">\n<p class=\"MsoNormal\" style=\"margin-bottom: .0001pt; text-align: center;\" align=\"center\"><b><span lang=\"EN-US\">Ivo Leito<\/span><\/b><\/p>\n<\/td>\n<td style=\"border-top: none; border-left: none; border-bottom: solid windowtext 1.0pt; border-right: solid windowtext 1.0pt; padding: 0cm 1.15pt 0cm 1.15pt;\">\n<p class=\"MsoNormal\" style=\"margin-bottom: .0001pt; text-align: center;\" align=\"center\"><span lang=\"EN-US\"><a href=\"https:\/\/owncloud.ut.ee\/owncloud\/index.php\/s\/Hj8YFtxBS7cbHoQ\">Introduction to Winter School, Practical information<\/a><br \/><\/span><\/p>\n<\/td>\n<td style=\"border-top: none; border-left: none; border-bottom: solid windowtext 1.0pt; border-right: solid windowtext 1.0pt; padding: 0cm 1.15pt 0cm 1.15pt;\">\n<p class=\"MsoNormal\" style=\"margin-bottom: .0001pt; text-align: center;\" align=\"center\">Introduction, Aims of EACH and Winter school, practical aspects<\/p>\n<\/td>\n<\/tr>\n<tr>\n<td style=\"border: solid windowtext 1.0pt; border-top: none; padding: 0cm 1.15pt 0cm 1.15pt;\">\n<p class=\"MsoNormal\" style=\"margin-bottom: .0001pt; text-align: center;\" align=\"center\"><b><span lang=\"EN-US\">2nd year students<br \/><\/span><\/b><\/p>\n<\/td>\n<td style=\"border-top: none; border-left: none; border-bottom: solid windowtext 1.0pt; border-right: solid windowtext 1.0pt; padding: 0cm 1.15pt 0cm 1.15pt;\">\n<p class=\"MsoNormal\" style=\"margin-bottom: .0001pt; text-align: center;\" align=\"center\"><span lang=\"EN-US\"><a href=\"https:\/\/owncloud.ut.ee\/owncloud\/index.php\/s\/RAq9Ems2Xcd2Eks\">Master\u2019s theses and life at 2nd year universities<\/a><br \/><\/span><\/p>\n<\/td>\n<td style=\"border-top: none; border-left: none; border-bottom: solid windowtext 1.0pt; border-right: solid windowtext 1.0pt; padding: 0cm 1.15pt 0cm 1.15pt;\">\n<p class=\"MsoNormal\" style=\"margin-bottom: .0001pt; text-align: center;\" align=\"center\">Overview of the thesis topics and current status of the 2nd year students at UU, AAU and UCBL, as well as about practicalities of studying at 2nd year universities<\/p>\n<\/td>\n<\/tr>\n<tr>\n<td style=\"border: solid windowtext 1.0pt; border-top: none; padding: 0cm 1.15pt 0cm 1.15pt;\">\n<p class=\"MsoNormal\" style=\"margin-bottom: .0001pt; text-align: center;\" align=\"center\"><b><span lang=\"EN-US\">Dr. No\u00e9mie Caillol<br \/><\/span><\/b><\/p>\n<\/td>\n<td style=\"border-top: none; border-left: none; border-bottom: solid windowtext 1.0pt; border-right: solid windowtext 1.0pt; padding: 0cm 1.15pt 0cm 1.15pt;\">\n<p class=\"MsoNormal\" style=\"margin-bottom: .0001pt; text-align: center;\" align=\"center\"><span lang=\"EN-US\"><a href=\"https:\/\/owncloud.ut.ee\/owncloud\/index.php\/s\/d9NmjALcTQxogxn\">Industrial analysis and process control<\/a><\/span><\/p>\n<\/td>\n<td style=\"border-top: none; border-left: none; border-bottom: solid windowtext 1.0pt; border-right: solid windowtext 1.0pt; padding: 0cm 1.15pt 0cm 1.15pt;\">\n<p class=\"MsoNormal\" style=\"margin-bottom: .0001pt; text-align: center;\" align=\"center\">Trends and needs for online micro analysis for R&amp;D. The Axel&#8217;One Platform.<\/p>\n<\/td>\n<\/tr>\n<tr>\n<td style=\"border: solid windowtext 1.0pt; border-top: none; padding: 0cm 1.15pt 0cm 1.15pt;\">\n<p class=\"MsoNormal\" style=\"margin-bottom: .0001pt; text-align: center;\" align=\"center\"><b><span lang=\"EN-US\">Prof. Christian Neus\u00fc\u00df<br \/><\/span><\/b><\/p>\n<\/td>\n<td style=\"border-top: none; border-left: none; border-bottom: solid windowtext 1.0pt; border-right: solid windowtext 1.0pt; padding: 0cm 1.15pt 0cm 1.15pt;\">\n<p class=\"MsoNormal\" style=\"margin-bottom: .0001pt; text-align: center;\" align=\"center\"><span lang=\"EN-US\"><a href=\"https:\/\/owncloud.ut.ee\/owncloud\/index.php\/s\/JpqMWBfBKP7zWzJ\">CE and MS<\/a><\/span><\/p>\n<\/td>\n<td style=\"border-top: none; border-left: none; border-bottom: solid windowtext 1.0pt; border-right: solid windowtext 1.0pt; padding: 0cm 1.15pt 0cm 1.15pt;\">\n<p class=\"MsoNormal\" style=\"margin-bottom: .0001pt; text-align: center;\" align=\"center\">Capillary Electrophoresis and Mass spectrometry and their hyphenation<\/p>\n<\/td>\n<\/tr>\n<tr>\n<td style=\"border: solid windowtext 1.0pt; border-top: none; padding: 0cm 1.15pt 0cm 1.15pt;\">\n<p class=\"MsoNormal\" style=\"margin-bottom: .0001pt; text-align: center;\" align=\"center\"><b><span lang=\"EN-US\">Drs. Riin Rebane, Riho M\u00f5tlep, Ragnar Saage<br \/><\/span><\/b><\/p>\n<\/td>\n<td style=\"border-top: none; border-left: none; border-bottom: solid windowtext 1.0pt; border-right: solid windowtext 1.0pt; padding: 0cm 1.15pt 0cm 1.15pt;\">\n<p class=\"MsoNormal\" style=\"margin-bottom: .0001pt; text-align: center;\" align=\"center\"><span lang=\"EN-US\"><a href=\"https:\/\/owncloud.ut.ee\/owncloud\/index.php\/s\/97Y2YM9XtjRwcmg\">Portable XRF practical session<\/a><\/span><\/p>\n<\/td>\n<td style=\"border-top: none; border-left: none; border-bottom: solid windowtext 1.0pt; border-right: solid windowtext 1.0pt; padding: 0cm 1.15pt 0cm 1.15pt;\">\n<p class=\"MsoNormal\" style=\"margin-bottom: .0001pt; text-align: center;\" align=\"center\">Analysis of different samples with hand-held XRF spectrometer<\/p>\n<\/td>\n<\/tr>\n<tr>\n<td style=\"border: solid windowtext 1.0pt; border-top: none; padding: 0cm 1.15pt 0cm 1.15pt;\">\n<p class=\"MsoNormal\" style=\"margin-bottom: .0001pt; text-align: center;\" align=\"center\"><b><span lang=\"EN-US\">Dr. Masahiko Shimmo<\/span><\/b><\/p>\n<\/td>\n<td style=\"border-top: none; border-left: none; border-bottom: solid windowtext 1.0pt; border-right: solid windowtext 1.0pt; padding: 0cm 1.15pt 0cm 1.15pt;\">\n<p class=\"MsoNormal\" style=\"margin-bottom: .0001pt; text-align: center;\" align=\"center\"><span lang=\"EN-US\"><a href=\"https:\/\/owncloud.ut.ee\/owncloud\/index.php\/s\/WnTz28RPRC986jM\">Working in GLP\/GMP compliant pharmaceutical industry<\/a><\/span><\/p>\n<\/td>\n<td style=\"border-top: none; border-left: none; border-bottom: solid windowtext 1.0pt; border-right: solid windowtext 1.0pt; padding: 0cm 1.15pt 0cm 1.15pt;\">\n<p class=\"MsoNormal\" style=\"margin-bottom: .0001pt; text-align: center;\" align=\"center\">Analytical Chemistry in GMP Pharmaceutical Industry. Typical Activities in Pharmaceutical Project. Chromatographic Analytical<br \/>Method Validation at Cambrex.<\/p>\n<\/td>\n<\/tr>\n<tr>\n<td style=\"border: solid windowtext 1.0pt; border-top: none; padding: 0cm 1.15pt 0cm 1.15pt;\">\n<p class=\"MsoNormal\" style=\"margin-bottom: .0001pt; text-align: center;\" align=\"center\"><b><span lang=\"EN-US\">Anu Teearu, Ivo Leito<\/span><\/b><\/p>\n<\/td>\n<td style=\"border-top: none; border-left: none; border-bottom: solid windowtext 1.0pt; border-right: solid windowtext 1.0pt; padding: 0cm 1.15pt 0cm 1.15pt;\">\n<p class=\"MsoNormal\" style=\"margin-bottom: .0001pt; text-align: center;\" align=\"center\"><span lang=\"EN-US\"><a href=\"https:\/\/owncloud.ut.ee\/owncloud\/index.php\/s\/GKLRHKyAHQ8Cp3e\">Closing session, some practical information<\/a><\/span><\/p>\n<\/td>\n<td style=\"border-top: none; border-left: none; border-bottom: solid windowtext 1.0pt; border-right: solid windowtext 1.0pt; padding: 0cm 1.15pt 0cm 1.15pt;\">\n<p class=\"MsoNormal\" style=\"margin-bottom: .0001pt; text-align: center;\" align=\"center\">Closing remarks, thanks, practical information<\/p>\n<\/td>\n<\/tr>\n<\/tbody>\n<\/table>\n<p><strong>General information:<\/strong><\/p>\n<p>Every year, Winter School (WS) is held in the second half of January (duration: approximately 1 week).\u00a0EACH programme\u00a0Winter School\u00a0usually takes place in one of the four countries: Estonia, Sweden, Finland or\u00a0France.\u00a0It includes (1) short courses on novel and timely topics of analytical chemistry and metrology in chemistry delivered by external scholars, including individual\/group work by students; (2) presentations by second-year students on the progress of their master theses and their life at the second-year university; (3) teamwork on solving analytical problems, and (4) discussions and interviews for selecting 1st year students to study-tracks. All consortium students participate in the WS.<\/p>\n<p><strong>Previous Winter Schools:\u00a0<\/strong><a href=\"http:\/\/each.ut.ee\/EACH\/each-winter-school-2019\">Winter School 2019<\/a>,\u00a0<a href=\"http:\/\/each.ut.ee\/EACH\/each-winter-school-2018\/\">Winter School 2018<\/a>, <a href=\"http:\/\/each.ut.ee\/EACH\/each-winter-school-2017\/\">Winter School 2017<\/a>, <a href=\"http:\/\/each.ut.ee\/EACH\/each-winter-school-2016\/\">Winter School 2016<\/a><\/p>\n\n\n<p><\/p>\n","protected":false},"excerpt":{"rendered":"<p>The EACH Winter School 2020 took place from January 20 to January 24, 2020, at Tallinn Viimsi Spa, Viimsi, Estonia. \u00a0 More information and pictures: EACH 2020 Winter School Started! EACH 2020 Winter School Finished! \u00a0 The timetable of the Winter School 2020: Overview and materials of sessions: Teachers Session Notes Ivo Leito Introduction to [&hellip;]<\/p>\n","protected":false},"author":19,"featured_media":0,"parent":0,"menu_order":0,"comment_status":"closed","ping_status":"closed","template":"","meta":{"ngg_post_thumbnail":0,"footnotes":""},"class_list":["post-13815","page","type-page","status-publish","hentry"],"blocksy_meta":[],"_links":{"self":[{"href":"http:\/\/each.ut.ee\/EACH\/wp-json\/wp\/v2\/pages\/13815","targetHints":{"allow":["GET"]}}],"collection":[{"href":"http:\/\/each.ut.ee\/EACH\/wp-json\/wp\/v2\/pages"}],"about":[{"href":"http:\/\/each.ut.ee\/EACH\/wp-json\/wp\/v2\/types\/page"}],"author":[{"embeddable":true,"href":"http:\/\/each.ut.ee\/EACH\/wp-json\/wp\/v2\/users\/19"}],"replies":[{"embeddable":true,"href":"http:\/\/each.ut.ee\/EACH\/wp-json\/wp\/v2\/comments?post=13815"}],"version-history":[{"count":3,"href":"http:\/\/each.ut.ee\/EACH\/wp-json\/wp\/v2\/pages\/13815\/revisions"}],"predecessor-version":[{"id":14944,"href":"http:\/\/each.ut.ee\/EACH\/wp-json\/wp\/v2\/pages\/13815\/revisions\/14944"}],"wp:attachment":[{"href":"http:\/\/each.ut.ee\/EACH\/wp-json\/wp\/v2\/media?parent=13815"}],"curies":[{"name":"wp","href":"https:\/\/api.w.org\/{rel}","templated":true}]}}